 when 43 is divided by v?
17
Suppose 33*w - 85994 = 1060. Calculate the remainder when w is divided by 24.
22
Suppose -g = -6*g + 7870. Let y(w) = -w**3 - 8*w**2 + 383*w + 81. Calculate the remainder when g is divided by y(-24).
104
Let q(u) = 12*u - 1. Let i be q(3). Suppose -d = 2*y - i, 3*y + 2*y - 100 = -3*d. Let k = -11 - -20. What is the remainder when d is divided by k?
7
Suppose -2*h + 5*h + 3*d + 384 = 0, h = 4*d - 118. Let g = h - -142. Suppose 0 = -0*c - c + 9. What is the remainder when g is divided by c?
7
Let i = 4941 - 4891. Calculate the remainder when 71 is divided by i.
21
Suppose 4*o + o - 180 = 0. Suppose 0 = o*i - 47*i + 3212. What is the remainder when i is divided by 59?
56
Suppose 0 = -4*h - b + 789, 227*h - 3*b = 226*h + 207. Calculate the remainder when 765 is divided by h.
171
What is the remainder when (1/(-3)*-27 - -31)*(-117)/(-2) is divided by 22?
8
Let t(m) = 12*m - 141. Let o(z) = -z**3 - 4*z**2 + 4*z + 2. Let w be o(-5). Suppose -53 = w*u - 263. What is the remainder when t(19) is divided by u?
27
Let b(u) = u**3 - 6*u**2 + 7*u + 13. Let a be b(8). Suppose a - 85 = 4*l. What is the remainder when 8*1/2 - -105 is divided by l?
25
Suppose -149*j + 3637 + 2145 = -1221. Suppose -4*b + 2*k + 106 = 0, 3*b = 2*k + 12 + 66. What is the remainder when j is divided by b?
19
Let y = -4583 - -7270. What is the remainder when y is divided by 6?
5
Suppose -5518 = 18*v + 61*v - 141*v. Calculate the remainder when v is divided by 27.
8
Let c(t) = 13*t**2 + 26*t + 26. What is the remainder when 305 is divided by c(2)?
45
Let z(o) be the third derivative of o**6/60 + 3*o**5/20 - o**4/24 - o**3/6 + 5*o**2 + 6*o. Calculate the remainder when z(-4) is divided by 5.
4
Let y(j) = 14*j - 4. Calculate the remainder when y(6) is divided by (34 - (-6669)/(-189))*140/(-6).
20
Let m = 8796 + -7170. What is the remainder when m is divided by 51?
45
Suppose 2*w - 3*x = 29 + 10, w = -2*x + 2. Let u be (-7)/28*(-7 - 25/5). What is the remainder when 1*22/u*3 is divided by w?
10
Let h = 1 - -4. Suppose -3*b = m + 2, -h*m - 3*b = -2*m. What is the remainder when 21 is divided by (-5 - (-5 + -1)) + m*7?
5
Let s(l) = l**2 - l + 10. Calculate the remainder when (6 - 37/3)/((-28)/168) is divided by s(0).
8
Let l = 1558 - 1543. Calculate the remainder when 417 is divided by l.
12
Let z be 1/(5/10) + 2. Let y(f) = f**3 - 6*f**2 + 7*f - 10. Let t be y(z). Let a = t + 24. Calculate the remainder when 67 is divided by a.
7
Let w(y) = y + 26. Let m(x) = 3*x - 17. Let i be m(11). What is the remainder when w(9) is divided by 3*24/(-16)*i/(-6)?
11
Let c = 2490 + -2170. What is the remainder when c is divided by 80?
0
Suppose -5*g = -3*v - 642, -496 = 49*g - 53*g - 2*v. Calculate the remainder when g is divided by 35.
21
Let z(r) = r**3 + 11*r**2 - 4*r + 9. Suppose 0*q + 5*q = 35. Suppose -2*l + 5*s = -q, -5*s - 55 = 3*l - 3. What is the remainder when z(l) is divided by 30?
27
Suppose -3*x = 3*v - 4164, -5*x + 6*v = 10*v - 6939. What is the remainder when x is divided by 10?
7
Let h(r) = -2*r + 3. Suppose -2*l - 394 = 8*g - 11*g, -262 = -2*g + l. Calculate the remainder when 100/40 - g/(-4) is divided by h(-5).
9
Let b = 365 - -99. What is the remainder when b is divided by 464?
0
What is the remainder when 447 is divided by ((-572)/6)/(1 + (-121)/594*6)?
18
Let r(h) = -19*h - 741. Calculate the remainder when 4844 is divided by r(-44).
94
Let z = -80 + 100. Suppose -6*f = -f - z. Suppose 0 = -2*x + 5*g + 1 - 8, g - 41 = -f*x. What is the remainder when x is divided by 2?
1
Calculate the remainder when 443 is divided by 2 - 8 - 2*82/(-4).
23
Suppose y - 243*d = -247*d + 144, -4*y = 5*d - 521. What is the remainder when 1250 is divided by y?
10
Let w be 10/4*2 + -252 + 249. Suppose -w*d = -19*h + 14*h + 25, -3*h = -3*d - 24. What is the remainder when h is divided by 3?
0
Calculate the remainder when 276 is divided by (-23 + 22)/((-5)/150).
6
Suppose 29*h + 8840 = 80267. What is the remainder when h is divided by 77?
76
Suppose -275*y = -165*y - 65890. What is the remainder when y is divided by 43?
40
Suppose 16*b + 546 = 19*b + 2*x, -2*x - 198 = -b. What is the remainder when 524 is divided by b?
152
Let l = 2246 + 605. Calculate the remainder when l is divided by 46.
45
Let q(s) = s**3 - 26*s**2 + 27*s - 31. Suppose -22*d + 524 = -26. Let m(h) = 8*h + 3. Calculate the remainder when m(4) is divided by q(d).
16
Suppose -8151 = -79*k + 22264. What is the remainder when k is divided by 78?
73
Let a = -10 - -28. Let g be (11 - 8) + -12 + 2. Calculate the remainder when a is divided by (-20 - 0 - -14)/(3/g).
4
Suppose 22*v - 684 = 18*v + 4*o, 0 = 5*v + 4*o - 837. Calculate the remainder when v is divided by 26.
13
Suppose 1685 - 1781 = -12*l. What is the remainder when 126 is divided by l?
6
Let d = 513 - 449. Calculate the remainder when 570 is divided by d.
58
Let x(g) = -5*g**2 + 3*g - 7. Let t be x(4). Let y be (-10)/(-4)*(-180)/t. Let k(z) = -z**2 + 9*z - 11. What is the remainder when k(y) is divided by 3?
1
Suppose -5*f = -0*f - 85 - 410. What is the remainder when 4750 is divided by f?
97
Let q(u) = -u**3 - 10*u**2 + 11*u - 4. Let n be q(-11). Let m(z) = -8 + 3*z + 6 + 1 + 2*z**2. What is the remainder when m(n) is divided by 7?
5
Let x = 159 + -138. What is the remainder when 105 is divided by x?
0
Let m(z) = 20*z**3 - 277*z**2 - 28*z - 50. Calculate the remainder when m(14) is divided by 36.
2
Suppose 15555*i - 15533*i - 748 = 0. Let d(j) = -5*j**3 - 3*j**2 - 1. Calculate the remainder when d(-4) is divided by i.
33
Suppose 8*h + 1047 = 1087. Suppose -h*l - 18 = -118. What is the remainder when 1138 is divided by l?
18
Let d(l) = -4*l - 33. Let r be 1/(-4 - 63/(-15)). Suppose -73 = r*z + 12. What is the remainder when d(z) is divided by 12?
11
Suppose -n - 116 = -5*v - 21, n = -5*v + 95. Suppose -7 = 2*c - v. What is the remainder when 5/2*754/65 is divided by c?
5
Suppose 9685*f - 9713*f + 218 + 202 = 0. What is the remainder when 5635 is divided by f?
10
Let l(o) = 12*o**2 - 20*o - 2. Let s be l(2). Suppose 6*y = 24 + s. Let a = 1 - -3. What is the remainder when y is divided by a?
1
Let t be (2 + 4)/(9/87). Suppose 12 = -4*l + 4*h + 128, 4*h - t = -2*l. What is the remainder when 97 is divided by l?
10
Let q(b) = 2*b**3 - 4*b + 4. Let c be q(1). Calculate the remainder when 217 is divided by ((-1)/c)/((-5)/230) + -3.
17
Suppose -7 = -23*d + 131. Let n(l) = -l**3 + 10*l**2 - 18*l - 2. What is the remainder when 68 is divided by n(d)?
0
Suppose -9 = -4*s - 13, s + 455 = 2*m. Suppose 7*o - 2*o + 5*j = 300, 5*o - 288 = -j. Calculate the remainder when m is divided by o.
56
Suppose 2*t - 11 = 5*o + 23, -3*t - 5*o = -1. Let w be ((-2)/(-7))/(10/770). Let f(d) = d**2 - 25*d + 100. What is the remainder when f(w) is divided by t?
6
Suppose 0 = -6*v - 1 + 13. Suppose g - 72 = 4*k, -v*k - 2*k + 96 = g. Calculate the remainder when g/8*-2*-1 is divided by 7.
0
Suppose -2*k + 8*r - 3*r + 89 = 0, -4*k = -3*r - 213. What is the remainder when k is divided by (5 - (-110)/(-20))*-10?
2
Let b be 26 + -28 - (3 + 21/(-3)). Suppose b*i - 13*k - 238 = -17*k, k + 233 = 2*i. What is the remainder when i is divided by 30?
27
Suppose 0 = -6*z + 4*p + 234, -2*z - 4*p + 153 = z. Calculate the remainder when 12252 is divided by z.
40
Suppose -4*j + 92 = -0*j - 3*b, 2*b + 8 = 0. Suppose -j*s + 18*s = -40. Let r = 111 - 79. What is the remainder when r is divided by s?
12
Suppose w = 8 - 0. Suppose 3*v = 5*x + 123, -2*v - 4*x + 75 = -5*x. Suppose -s + v = b, -3*s + 2*b - 6*b = -113. What is the remainder when s is divided by w?
7
Suppose 1 - 3 = 2*r + 4*y, -5*r + 5*y + 10 = 0. Calculate the remainder when (-1)/(-6) - (r + 1415/(-6)) is divided by 34.
31
What is the remainder when 395 is divided by (2/3)/((-80)/(-2280))?
15
Suppose 0 = 17*r - 2324 - 7995. Suppose r = 4*a - 3*t, 0 = 3*a - 2*t - 136 - 319. Let b = -13 + 64. What is the remainder when a is divided by b?
49
What is the remainder when 235 is divided by (4/18)/(77/4851)?
11
Let s = 407 - 411. Let t(y) = y**3 + 4*y**2 - 6*y - 7. Suppose 5*o + 5*r = 665, -4*r = r. What is the remainder when o is divided by t(s)?
14
Let p(i) = -i**3 + 7*i**2 - 21*i + 142. Calculate the remainder when 741 is divided by p(6).
13
Let 